ulate the highest common divisor of 527105 and 47470.
235
What is the highest common divisor of 868913 and 656?
41
What is the highest common divisor of 216155 and 2182715?
85
Calculate the highest common divisor of 262746 and 183.
3
Calculate the greatest common divisor of 16283 and 7110529.
857
Calculate the greatest common divisor of 14 and 214417.
7
What is the greatest common factor of 14976 and 3511560?
312
Calculate the greatest common factor of 74347271 and 1711.
29
What is the highest common factor of 11625064 and 11?
11
What is the greatest common factor of 22373260 and 2660?
2660
Calculate the greatest common divisor of 2121 and 198807.
21
Calculate the highest common divisor of 1625314 and 688.
86
What is the greatest common divisor of 23238 and 7317388?
2582
Calculate the greatest common factor of 3716882 and 12272.
1534
What is the highest common factor of 35451 and 30591?
27
What is the greatest common factor of 2989620 and 11020?
20
What is the highest common factor of 653430 and 2415?
345
Calculate the highest common divisor of 75772764 and 989.
23
Calculate the greatest common divisor of 237552117 and 110.
11
Calculate the highest common divisor of 12852 and 1439796.
12
What is the greatest common factor of 408831420 and 36?
12
What is the greatest common divisor of 21 and 4662833?
7
What is the greatest common divisor of 60640542 and 108?
54
Calculate the greatest common divisor of 915645493 and 141.
47
Calculate the greatest common factor of 255 and 24084444.
51
Calculate the greatest common divisor of 87264 and 724896.
864
Calculate the greatest common factor of 5490768 and 648.
24
What is the highest common factor of 7671 and 186661?
2557
What is the highest common factor of 115910 and 621070?
1730
What is the greatest common divisor of 3097 and 9815045?
163
Calculate the highest common factor of 815120 and 398820.
460
Calculate the highest common factor of 510 and 27987015.
255
Calculate the greatest common divisor of 396352575 and 2025.
675
Calculate the greatest common factor of 515 and 71315861.
103
What is the highest common factor of 4636 and 411560900?
4636
Calculate the highest common factor of 51415 and 328975205.
7345
What is the greatest common factor of 111200 and 678800?
400
What is the greatest common factor of 13020 and 1125516?
84
Calculate the greatest common factor of 1674355 and 1218305.
6515
What is the greatest common divisor of 75 and 2493650?
25
What is the highest common factor of 65 and 4161695?
5
What is the greatest common divisor of 3360 and 7620240?
240
Calculate the greatest common factor of 10199268 and 36.
36
What is the greatest common factor of 342 and 290140146?
342
What is the highest common divisor of 24449 and 363584?
23
What is the greatest common divisor of 34580975 and 13195?
65
What is the greatest common divisor of 4532623 and 1393?
199
What is the greatest common factor of 300321 and 7037?
227
What is the highest common factor of 5806068 and 324?
12
What is the highest common factor of 5543 and 4681907?
241
Calculate the highest common factor of 11450895 and 414.
69
What is the greatest common divisor of 168 and 91441488?
24
Calculate the highest common divisor of 530646 and 860928.
354
What is the greatest common factor of 32202 and 47075746?
3578
What is the highest common factor of 29403 and 320892?
363
Calculate the greatest common divisor of 16861857 and 27249.
879
What is the greatest common divisor of 31603005 and 51291?
369
What is the highest common factor of 3085509 and 189?
21
Calculate the greatest common factor of 9517720 and 52399.
859
Calculate the greatest common factor of 5277 and 547049.
1759
What is the highest common divisor of 906240 and 1239552?
1536
What is the greatest common factor of 20179889 and 1467?
163
What is the greatest common factor of 888315620 and 60?
20
Calculate the highest common factor of 260 and 20275580.
260
What is the greatest common divisor of 77049 and 122241?
21
Calculate the highest common divisor of 67471929 and 1683.
153
What is the greatest common divisor of 2635 and 24905?
85
What is the highest common factor of 658368247 and 652?
163
What is the greatest common factor of 34 and 10046405?
17
What is the greatest common divisor of 610666 and 19292?
742
Calculate the highest common factor of 66 and 5521846.
22
What is the highest common divisor of 127604 and 1574902?
3358
What is the greatest common factor of 36750 and 1305360?
1470
Calculate the greatest common factor of 193809304 and 63024.
10504
What is the highest common factor of 5704 and 2459528?
184
What is the highest common divisor of 849 and 18541311?
849
Calculate the greatest common divisor of 3218215 and 14.
7
What is the highest common factor of 15688 and 3574903?
1961
What is the highest common divisor of 15 and 546751860?
15
Calculate the highest common divisor of 2433 and 262678845.
2433
What is the greatest common divisor of 16758 and 415258452?
2394
What is the highest common divisor of 15855 and 1888255?
755
Calculate the greatest common factor of 177624 and 2232.
72
Calculate the greatest common divisor of 204 and 6182336.
4
Calculate the greatest common factor of 2052 and 8200116.
108
Calculate the highest common factor of 306432770 and 35.
35
Calculate the highest common factor of 3984 and 145426956.
996
Calculate the greatest common factor of 177 and 4809503.
59
Calculate the highest common factor of 31506568 and 48.
8
What is the highest common factor of 4332954 and 106?
2
Calculate the greatest common factor of 242465 and 28400.
355
Calculate the highest common divisor of 1042815 and 2580.
15
Calculate the greatest common divisor of 414664304 and 128.
16
Calculate the highest common divisor of 165 and 2357256.
33
Calculate the greatest common divisor of 1378594361 and 97.
97
Calculate the highest common factor of 174835 and 9640.
5
Calculate the greatest common factor of 45786125 and 3195.
355
What is the highest common divisor of 132768 and 9288?
72
Calculate the highest common factor of 131 and 70376606.
131
Calculate the highest common factor of 72 and 250173016.
8
Calculate the highest common factor of 224700 and 173425.
175
What is the greatest common divisor of 82388 and 298?
2
Calculate the highest common divisor of 947856 and 224688.
1488
What is the greatest common factor of 59776877 and 277?
277
What is the greatest common factor of 9 and 314120115?
9
Calculate the greatest common factor of 423 and 144036247.
47
Calculate the greatest common divisor of 7504468 and 2185.
19
What is the highest common factor of 8416146 and 42?
6
Calculate the highest common divisor of 2407 and 351090.
83
What is the greatest common divisor of 318217092 and 10056?
5028
Calculate the highest common factor of 17334 and 13394688.
642
What is the highest common factor of 1834532 and 3514?
14
Calculate the highest common factor of 6527544 and 1632.
24
Calculate the greatest common divisor of 66 and 53016018.
66
What is the highest common divisor of 37012 and 1856444?
1948
What is the greatest common divisor of 23 and 235701079?
23
Calculate the greatest common divisor of 7855900 and 364.
52
Calculate the highest common factor of 121275 and 1310015.
245
What is the greatest common factor of 303402 and 478698?
66
What is the greatest common divisor of 2320 and 18481520?
80
What is the highest common divisor of 2515100 and 9580?
20
What is the highest common divisor of 2961852 and 8321?
53
What is the highest common divisor of 1778 and 3905659702?
1778
What is the greatest common divisor of 17220 and 2478?
42
What is the greatest common factor of 41123 and 1306909?
1003
Calculate the highest common factor of 5139290 and 1846.
26
Calculate the greatest common factor of 367808 and 24640.
448
Calculate the highest common factor of 77988 and 5054088.
1164
What is the greatest common factor of 2507 and 5232763?
109
What is the greatest common divisor of 72964 and 3573757?
493
Calculate the highest common divisor of 54448 and 328016.
1328
What is the highest common factor of 4860 and 223245?
45
What is the greatest common factor of 2667 and 3898503?
21
Calculate the greatest common divisor of 8346 and 160286.
214
What is the highest common divisor of 779110415 and 10?
5
Wh